3813621 prime?
True
Is 17655982831 prime?
True
Is 17682644383 prime?
False
Is 7904489029 a prime number?
True
Is 234894259 a composite number?
False
Is 10362816377 prime?
True
Is 346952641 composite?
True
Is 14226313351 a composite number?
False
Is 10877837 a prime number?
True
Is 4918075223 a composite number?
True
Is 14414885285 composite?
True
Is 47274955967 composite?
True
Is 46686422141 prime?
False
Is 1950874441 prime?
True
Is 28786437133 composite?
True
Is 51760385693 a prime number?
False
Is 4691412449 composite?
False
Is 36425976421 composite?
True
Is 41888939797 a prime number?
True
Is 3333792851 prime?
False
Is 19933341191 prime?
True
Is 5541970513 a composite number?
False
Is 53903592641 composite?
False
Is 167811881 composite?
False
Is 1048927909 a composite number?
True
Is 27691453301 a prime number?
True
Is 5542308823 a composite number?
False
Is 10974713797 a prime number?
True
Is 12208740307 composite?
False
Is 10028462483 prime?
False
Is 82595598695 a composite number?
True
Is 699943709 prime?
False
Is 12568122773 composite?
False
Is 707209603 composite?
True
Is 104471503683 a composite number?
True
Is 23160421 a composite number?
False
Is 1435270877 a prime number?
True
Is 9993144341 prime?
False
Is 7345556279 prime?
True
Is 9601073399 composite?
False
Is 12458223721 composite?
False
Is 8243582807 composite?
False
Is 170732698309 a prime number?
True
Is 5721497069 composite?
True
Is 749940617 composite?
False
Is 620688779 a prime number?
True
Is 20709253573 a prime number?
False
Is 325020677 prime?
True
Is 1057553503 composite?
False
Is 1930321411 a prime number?
True
Is 163364453097 a composite number?
True
Is 843323093 composite?
True
Is 1142759197 composite?
True
Is 1134716311 a composite number?
False
Is 80556593527 prime?
False
Is 116055706009 composite?
True
Is 2277016141 prime?
True
Is 80928433 a composite number?
True
Is 179814029 prime?
True
Is 5009648771 a composite number?
False
Is 15959279831 a prime number?
False
Is 88936716007 composite?
False
Is 4668111163 composite?
False
Is 4565383177 a prime number?
True
Is 10867657 a prime number?
False
Is 2243309561 composite?
True
Is 223156169 prime?
True
Is 49084018559 composite?
False
Is 467213893 prime?
True
Is 317476183 prime?
False
Is 1977591619 prime?
False
Is 7735883941 a prime number?
True
Is 913345273 composite?
True
Is 87886147 a prime number?
False
Is 1355584291 a prime number?
True
Is 54043623323 composite?
True
Is 231039527 a composite number?
True
Is 15631027387 a composite number?
True
Is 1421042819 a prime number?
False
Is 1709447141 prime?
True
Is 44478161419 composite?
False
Is 469377641 a prime number?
True
Is 246088842379 prime?
False
Is 6841434901 a composite number?
True
Is 7330299679 composite?
False
Is 89399458501 a prime number?
True
Is 5132738563 a prime number?
False
Is 9065326597 composite?
False
Is 117047438161 prime?
True
Is 8731623373 prime?
False
Is 62455229861 prime?
True
Is 1138914047 prime?
True
Is 130279704223 a composite number?
False
Is 230122009 a prime number?
False
Is 3972554723 composite?
False
Is 2535737599 a composite number?
False
Is 271500617 a prime number?
True
Is 157454341009 a prime number?
False
Is 5006623387 a composite number?
True
Is 103062880961 prime?
False
Is 2337116471 a composite number?
True
Is 2497310681 composite?
True
Is 331475603 composite?
False
Is 22192767763 a prime number?
False
Is 13040149789 a prime number?
True
Is 131170939147 a composite number?
False
Is 58905471577 composite?
False
Is 79837427 a composite number?
True
Is 12616708943 a composite number?
True
Is 17991283061 a prime number?
True
Is 20249375507 a composite number?
True
Is 3799550207 a composite number?
False
Is 7269564383 prime?
False
Is 2116100339 composite?
False
Is 7390092145 a prime number?
False
Is 4661642797 composite?
True
Is 416075041 composite?
False
Is 3127450693 prime?
False
Is 27112957757 a composite number?
False
Is 1240187917 prime?
True
Is 31153714507 a prime number?
True
Is 614127835 composite?
True
Is 19686765679 a composite number?
True
Is 2967940973 a composite number?
False
Is 8834081587 prime?
False
Is 2956727365 a composite number?
True
Is 100815519161 a composite number?
True
Is 2475698887 prime?
False
Is 3051296081 composite?
True
Is 17563712863 a composite number?
False
Is 3561559507 prime?
False
Is 891282947 prime?
True
Is 50306345879 a composite number?
False
Is 63371220779 composite?
False
Is 748437517 composite?
True
Is 3108777377 a prime number?
True
Is 724344979 composite?
False
Is 684184727 a prime number?
True
Is 273945671 a prime number?
False
Is 20288740699 a composite number?
True
Is 190023391 a composite number?
True
Is 8171705177 composite?
True
Is 960978187 a composite number?
True
Is 244474037 a composite number?
False
Is 329045573 a prime number?
True
Is 363146921 a prime number?
False
Is 2051133983 composite?
False
Is 69225351149 a composite number?
False
Is 523111531 prime?
True
Is 605180663 prime?
True
Is 7645095989 prime?
False
Is 328018931 a composite number?
False
Is 1326168647 composite?
False
Is 17036965873 prime?
False
Is 4268635207 a composite number?
True
Is 48558431 a prime number?
False
Is 1829411527 a composite number?
False
Is 15594451319 prime?
True
Is 104593339 a composite number?
True
Is 4572315821 a prime number?
True
Is 8420608421 prime?
False
Is 378174431 a prime number?
True
Is 1172106863 prime?
True
Is 35725483 a prime number?
False
Is 29539303 a prime number?
False
Is 2863935367 a composite number?
True
Is 5298103 prime?
True
Is 21483813371 a prime number?
True
Is 2966017853 a prime number?
False
Is 380326981 a prime number?
True
Is 607605451 prime?
True
Is 36658336237 a composite number?
False
Is 992191943 a composite number?
True
Is 765246985 prime?
False
Is 127766317543 a prime number?
True
Is 1234212766 a prime number?
False
Is 451811947 composite?
True
Is 1120468909 a composite number?
True
Is 425307551 prime?
True
Is 12662008657 a prime number?
False
Is 1701686383 composite?
True
Is 1195438429 composite?
False
Is 472995361 a prime number?
True
Is 10637521207 composite?
False
Is 5507403841 a prime number?
True
Is 21271418467 prime?
False
Is 1426784845 prime?
False
Is 81898457 a composite number?
False
Is 118077862937 composite?
True
Is 24154710911 a composite number?
False
Is 2544671123 composite?
False
Is 298092953 prime?
True
Is 1297466967 prime?
False
Is 2252896931 a composite number?
False
Is 1835686597 composite?
False
Is 2451073087 prime?
True
Is 3276872351 composite?
False
Is 1090635547 a composite number?
True
Is 124492628911 prime?
False
Is 8941732291 a composite number?
True
Is 1391695087 prime?
False
Is 34461418246 a composite number?
True
Is 34093155443 a prime number?
False
Is 1039548971 a composite number?
True
Is 260488169 a prime number?
True
Is 27899647939 composite?
False
Is 997390043 a composite number?
True
Is 808837493 prime?
True
Is 15509642081 a prime number?
True
Is 5813782193 composite?
False
Is 4367928997 a prime number?
False
Is 143772292127 a composite number?
False
Is 8054361118 a composite number?
True
Is 269131783 a composite number?
False
Is 3883284181 a composite number?
True
Is 96949252247 prime?
False
Is 93513227081 composite?
False
Is 28726459 prime?
True
Is 226855247 prime?
True
Is 68119851827 composite?
False
Is 9517656977 prime?
True
Is 206147640679 composite?
False
Is 1487227513 prime?
True
Is 1145859553 composite?
False
Is 178492225147 composite?
False
Is 16340964487 a prime number?
False
Is 10528754727 composite?
True
Is 618436249 a prime number?
True
Is 1533090331 a composite number?
False
Is 2881065119 a prime number?
False
Is 27341198821 prime?
False
Is 761731673 prime?
True
Is 5613382013 a prime number?
False
Is 1682057387 prime?
True
Is 4201862381 a prime number?
True
Is 2189735231 a prime number?
True
Is 415617253 prime?
False
Is 1475264005 prime?
False
Is 3745786333 prime?
False
Is 2200156837 composite?
False
Is 3095984623 composite?
False
Is 87491620229 prime?
False
Is 16928428831 a composite number?
True
Is 1096145761 prime?
True
Is 128648147 a prime number?
False
Is 2442027817 composite?
False
Is 4157484581 composite?
True
Is 640284859 a composite number?
True
Is 919368187 a prime number?
True
Is 5033544647 prim